Is 425681 composite?
False
Is 57783181 a prime number?
True
Is 182809691 a prime number?
False
Is 34164553 prime?
False
Is 408601519 a prime number?
True
Is 62453161 a composite number?
False
Is 8739113 prime?
True
Is 23130509 prime?
True
Is 28453873 a composite number?
True
Is 42327529 a prime number?
True
Is 8504477 a prime number?
True
Is 2561387 prime?
True
Is 85104473 prime?
False
Is 8077939 a prime number?
True
Is 51155063 composite?
False
Is 16171347 prime?
False
Is 807535 prime?
False
Is 302496563 composite?
True
Is 2571319 composite?
True
Is 55578521 a composite number?
False
Is 50069297 composite?
False
Is 6686843 a composite number?
False
Is 2929051 composite?
False
Is 1063586 a composite number?
True
Is 2388233 composite?
True
Is 13915339 a prime number?
True
Is 5838001 composite?
True
Is 137617709 a prime number?
True
Is 275583493 a composite number?
True
Is 231429419 a composite number?
True
Is 187240381 a prime number?
False
Is 6743 a composite number?
True
Is 7395571 composite?
True
Is 989081 composite?
False
Is 643247 a prime number?
False
Is 10692499 prime?
True
Is 1546729 prime?
True
Is 16846537 composite?
True
Is 6693077 composite?
True
Is 14821231 prime?
False
Is 15324191 composite?
True
Is 42667571 a prime number?
True
Is 194065385 composite?
True
Is 2767639 prime?
False
Is 9033373 composite?
True
Is 14251054 prime?
False
Is 8857999 a prime number?
True
Is 4260167 a composite number?
False
Is 13703801 a prime number?
False
Is 2558131 a prime number?
True
Is 25331909 prime?
True
Is 57483743 a composite number?
True
Is 36343631 a prime number?
False
Is 31603709 composite?
False
Is 18454837 a prime number?
True
Is 34095733 a prime number?
False
Is 12439829 prime?
True
Is 8811839 prime?
False
Is 1991557 composite?
True
Is 191814673 a prime number?
True
Is 17521 a prime number?
False
Is 28139951 a composite number?
True
Is 380795927 prime?
False
Is 6497683 a prime number?
True
Is 107480707 a prime number?
True
Is 502859 composite?
True
Is 31670673 a prime number?
False
Is 20901673 composite?
True
Is 611998 a composite number?
True
Is 58067491 a prime number?
True
Is 4662569 composite?
True
Is 128657 a composite number?
False
Is 7196339 a composite number?
False
Is 6273967 prime?
False
Is 6361679 a prime number?
True
Is 142891799 a composite number?
True
Is 28511179 prime?
False
Is 877067 composite?
True
Is 52451729 a prime number?
False
Is 152325067 a composite number?
True
Is 90092543 a prime number?
True
Is 12943787 prime?
False
Is 23093459 a prime number?
True
Is 22653881 composite?
True
Is 461173 a composite number?
True
Is 82538663 a composite number?
False
Is 24870043 a prime number?
False
Is 1077415 a prime number?
False
Is 592448693 a composite number?
False
Is 117901 a prime number?
False
Is 2859277 a composite number?
True
Is 9077727 composite?
True
Is 52590191 composite?
False
Is 2579191 composite?
False
Is 1781071 prime?
False
Is 1085743 composite?
True
Is 154568527 a composite number?
True
Is 21486869 a prime number?
True
Is 26572537 prime?
True
Is 239592473 a composite number?
False
Is 27023443 prime?
False
Is 3917681 a composite number?
False
Is 106526941 a prime number?
True
Is 1084217 a composite number?
False
Is 7149053 composite?
False
Is 958169 a prime number?
False
Is 107611645 composite?
True
Is 9968393 prime?
False
Is 78234271 composite?
False
Is 62137679 composite?
True
Is 18698927 a prime number?
False
Is 83963378 a prime number?
False
Is 170746973 prime?
False
Is 484277549 prime?
False
Is 122034791 composite?
False
Is 413637747 prime?
False
Is 72421 prime?
True
Is 66653087 prime?
True
Is 53495605 a composite number?
True
Is 109142489 composite?
True
Is 16667993 a prime number?
False
Is 161368706 prime?
False
Is 153478463 prime?
True
Is 7403989 a composite number?
True
Is 3637817 prime?
False
Is 60073543 prime?
True
Is 106437509 composite?
True
Is 931067 composite?
False
Is 87906683 a composite number?
True
Is 1262203 a composite number?
False
Is 122692883 a composite number?
True
Is 11953607 a prime number?
True
Is 11679163 composite?
False
Is 8545309 prime?
False
Is 5081939 composite?
False
Is 269959 composite?
True
Is 31993411 a composite number?
False
Is 3555989 a composite number?
True
Is 50329 a prime number?
True
Is 277072963 a composite number?
False
Is 1714439 prime?
True
Is 843331 a composite number?
False
Is 210478883 a prime number?
True
Is 22864495 composite?
True
Is 640193 a prime number?
True
Is 3945187 composite?
True
Is 1115789 a prime number?
True
Is 23331661 a prime number?
False
Is 7708271 prime?
True
Is 15228131 prime?
True
Is 4015911 composite?
True
Is 3958013 prime?
True
Is 248225387 composite?
True
Is 56077919 a composite number?
False
Is 3033853 composite?
True
Is 23914571 prime?
True
Is 26430277 a composite number?
False
Is 1676023 a composite number?
False
Is 12996373 composite?
True
Is 2000741 prime?
False
Is 16755619 a prime number?
True
Is 4854635 a prime number?
False
Is 147734269 a composite number?
False
Is 42110841 a prime number?
False
Is 5305711 composite?
True
Is 44742101 a composite number?
False
Is 2738707 a prime number?
True
Is 509987 composite?
True
Is 3841571 a prime number?
False
Is 2747707 prime?
True
Is 7187743 prime?
True
Is 16817161 composite?
True
Is 1920187 prime?
True
Is 3715135 prime?
False
Is 5396947 composite?
True
Is 700214 a prime number?
False
Is 687927 a composite number?
True
Is 13582703 a composite number?
True
Is 233764327 composite?
True
Is 113801249 composite?
True
Is 5337659 prime?
True
Is 5956129 a composite number?
False
Is 42965173 prime?
False
Is 26261 composite?
False
Is 731113 composite?
False
Is 107406947 a prime number?
True
Is 4715947 a composite number?
False
Is 25663 a prime number?
False
Is 103082027 prime?
False
Is 20911157 a composite number?
False
Is 62522953 a composite number?
False
Is 174158431 composite?
False
Is 8335057 prime?
True
Is 9157327 a prime number?
False
Is 1681469 a composite number?
False
Is 1235155 a prime number?
False
Is 107293402 composite?
True
Is 95083 prime?
True
Is 412196263 prime?
False
Is 5820602 prime?
False
Is 4953251 a prime number?
False
Is 75517937 a composite number?
True
Is 83150801 a composite number?
True
Is 26316041 a composite number?
False
Is 48366095 composite?
True
Is 116272337 a composite number?
True
Is 1912261 composite?
True
Is 2871287 a prime number?
True
Is 396965579 prime?
False
Is 6420797 a prime number?
False
Is 1574819 a prime number?
False
Is 99999683 a composite number?
True
Is 120086185 prime?
False
Is 378401 composite?
False
Is 19862797 composite?
False
Is 4817149 composite?
False
Is 56007749 a composite number?
True
Is 102011473 prime?
False
Is 50172989 a prime number?
True
Is 9972299 a prime number?
False
Is 83398589 composite?
False
Is 4776209 a composite number?
False
Is 58909561 a composite number?
False
Is 18220593 a composite number?
True
Is 779016643 a composite number?
False
Is 125360173 composite?
False
Is 3581429 a prime number?
True
Is 3683077 prime?
True
Is 2251277 a prime number?
False
Is 37467361 a prime number?
True
Is 171485305 a composite number?
True
Is 1194295 prime?
False
Is 9370217 a composite number?
True
Is 562411 prime?
False
Is 21196513 a prime number?
False
Is 52202219 a prime number?
False
Is 3402727 composite?
False
Is 1513873 a composite number?
True
Is 4966783 a composite number?
False
Is 9894107 prime?
True
Is 16071217 prime?
True
Is 1093247 prime?
False
Is 256965667 composite?
True
Is 7005413 a composite number?
True
Is 21011951 a prime number?
True
Is 2537011 prime?
False
Is 842613 a composite number?
True
Is 153029 composite?
True
Is 45029485 a composite number?
True
Is 620159 a prime number?
True
Is 56599763 composite?
True
Is 2667143 prime?
False
Is 12407567 composite?
False
Is 70571939 a composite number?
True
Is 225559 prime?
False
Is 57037781 a prime number?
True
Is 7900931 composite?
False
Is 83015587 a prime number?
True
Is 21994363 composite?
False
Is 9826087 composite?
True
Is 40088339 composite?
False
Is 3505409 a prime number?
True
Is 10842989 a prime number?
True
Is 23304997 composite?
True
Is 9022165 prime?
False
Is 61102047 prime?
False
Is 184739 composite?
True
Is 33941501 a prime number?
False
Is 5491462 composite?
